?
False
Is 2842181 a prime number?
True
Is 32531 a prime number?
True
Is 5381 prime?
True
Is 1697149 a prime number?
True
Is 3845 composite?
True
Is 818 a composite number?
True
Is 3000403 a composite number?
True
Is 1087 prime?
True
Is 22735 a prime number?
False
Is 553529 composite?
False
Is 77383 a composite number?
False
Is 29917 composite?
False
Is 5113 prime?
True
Is 66337 composite?
False
Is 1249 a prime number?
True
Is 2317 a composite number?
True
Is 15511 prime?
True
Is 69505 a prime number?
False
Is 13415 prime?
False
Is 519637 prime?
False
Is 11597 a composite number?
False
Is 71303 prime?
False
Is 55049 a prime number?
True
Is 3251 a prime number?
True
Is 2007365 a prime number?
False
Is 1110507 prime?
False
Is 71119 prime?
True
Is 334541 composite?
False
Is 144629 a composite number?
False
Is 5471 a composite number?
False
Is 303767 prime?
True
Is 13751 a prime number?
True
Is 18691 prime?
True
Is 2662427 prime?
False
Is 129619 a composite number?
True
Is 353 composite?
False
Is 183601 a composite number?
True
Is 36238 prime?
False
Is 560383 composite?
True
Is 9029 prime?
True
Is 1339759 a prime number?
True
Is 117983 prime?
False
Is 10541 composite?
True
Is 1343 prime?
False
Is 155321 a composite number?
True
Is 2181 a composite number?
True
Is 640865 composite?
True
Is 13577 a prime number?
True
Is 359815 composite?
True
Is 14479 a composite number?
False
Is 124973 a composite number?
True
Is 25057 prime?
True
Is 6671 composite?
True
Is 407119 a composite number?
False
Is 86563 a composite number?
True
Is 10037 composite?
False
Is 103333 composite?
False
Is 186397 a composite number?
False
Is 289457 composite?
True
Is 27767 a prime number?
True
Is 252709 a composite number?
False
Is 2909 a composite number?
False
Is 14459 a composite number?
True
Is 14566 a prime number?
False
Is 12197 a composite number?
False
Is 1707 prime?
False
Is 210523 prime?
True
Is 369554 a composite number?
True
Is 541 a prime number?
True
Is 3511735 composite?
True
Is 4597 prime?
True
Is 139306 composite?
True
Is 436613 prime?
False
Is 1937 prime?
False
Is 9793 composite?
True
Is 62819 a composite number?
False
Is 11657 composite?
False
Is 7993 a prime number?
True
Is 382141 a composite number?
True
Is 24407 a prime number?
True
Is 13799 prime?
True
Is 3197 a prime number?
False
Is 10555 a composite number?
True
Is 139571 a prime number?
True
Is 583 composite?
True
Is 107509 composite?
False
Is 11199 composite?
True
Is 27617 prime?
True
Is 14567 prime?
False
Is 257641 composite?
True
Is 377863 prime?
False
Is 5557 prime?
True
Is 5627 a composite number?
True
Is 12134 a prime number?
False
Is 117778 a prime number?
False
Is 19531 a prime number?
True
Is 1304923 composite?
False
Is 61261 prime?
True
Is 22469 a prime number?
True
Is 47342 a prime number?
False
Is 6711 prime?
False
Is 842701 prime?
True
Is 161717 a prime number?
True
Is 1361 a composite number?
False
Is 2813401 a prime number?
True
Is 22769 a prime number?
True
Is 1399 composite?
False
Is 15521335 composite?
True
Is 1799 a composite number?
True
Is 12589 a composite number?
False
Is 749029 prime?
False
Is 10687 a prime number?
True
Is 356381 composite?
True
Is 42095 composite?
True
Is 2314729 a composite number?
True
Is 75307 a composite number?
False
Is 38593 a prime number?
True
Is 1651 a composite number?
True
Is 13793 a composite number?
True
Is 14623 a prime number?
False
Is 3238403 prime?
False
Is 1548831 composite?
True
Is 29599 composite?
False
Is 486663 a prime number?
False
Is 237769 composite?
True
Is 230539 a composite number?
False
Is 1657 prime?
True
Is 7351165 a prime number?
False
Is 795299 a prime number?
True
Is 9974 composite?
True
Is 60179 a composite number?
True
Is 4547 composite?
False
Is 91101 prime?
False
Is 10663 a composite number?
False
Is 834983 a prime number?
True
Is 17023 a prime number?
False
Is 14302 a prime number?
False
Is 703939 composite?
True
Is 201007 composite?
False
Is 28321 prime?
False
Is 10499 a prime number?
True
Is 240433 a prime number?
True
Is 177 a prime number?
False
Is 463337 a composite number?
True
Is 28591 a composite number?
False
Is 32897 a composite number?
True
Is 13443 composite?
True
Is 103741 prime?
False
Is 44377 a prime number?
False
Is 42947 a prime number?
False
Is 143 prime?
False
Is 677927 composite?
False
Is 25709 a composite number?
True
Is 21529 composite?
False
Is 2745011 a prime number?
True
Is 613873 prime?
False
Is 2573 prime?
False
Is 8219 a composite number?
False
Is 2701 a composite number?
True
Is 251561 a prime number?
True
Is 711118 composite?
True
Is 4091 a composite number?
False
Is 364093 prime?
False
Is 16871 a composite number?
False
Is 74063 a composite number?
True
Is 297437 composite?
True
Is 218579 a composite number?
False
Is 24287 prime?
False
Is 31247 a composite number?
False
Is 533909 a prime number?
True
Is 14143 a composite number?
False
Is 495491 composite?
False
Is 12373 composite?
False
Is 1151 composite?
False
Is 62891 a prime number?
False
Is 358439 prime?
False
Is 21209 prime?
False
Is 1860299 prime?
False
Is 32667 prime?
False
Is 260329 a composite number?
False
Is 165931 composite?
False
Is 442523 prime?
False
Is 33427 a composite number?
False
Is 3817 prime?
False
Is 94747 a composite number?
False
Is 1364177 a prime number?
True
Is 21961 a composite number?
False
Is 914 a prime number?
False
Is 2090279 a composite number?
False
Is 19841 composite?
False
Is 35771 a prime number?
True
Is 179987 a prime number?
False
Is 1073 prime?
False
Is 86161 prime?
True
Is 68467 composite?
True
Is 261419 prime?
False
Is 42587 prime?
False
Is 55526 a prime number?
False
Is 250583 a prime number?
True
Is 219434 composite?
True
Is 139 prime?
True
Is 621521 prime?
True
Is 274447 a composite number?
True
Is 124067 a prime number?
True
Is 159787 a prime number?
True
Is 224797 prime?
True
Is 6159 a prime number?
False
Is 911 a composite number?
False
Is 118103 a composite number?
True
Is 4421 a prime number?
True
Is 2453 composite?
True
Is 147977 a composite number?
False
Is 7279 composite?
True
Is 114505 prime?
False
Is 64445 a prime number?
False
Is 1206433 a composite number?
False
Is 25303 a composite number?
False
Is 23531 a composite number?
False
Is 2579 prime?
True
Is 615491 a composite number?
False
Is 33997 composite?
False
Is 2959 composite?
True
Is 2203 a composite number?
False
Is 1855073 prime?
False
Is 395366 a composite number?
True
Is 24437 a composite number?
True
Is 26801 composite?
False
Is 11851 prime?
False
Is 223 prime?
True
Is 674589 a composite number?
True
Is 518611 prime?
True
Is 7993 a composite number?
False
Is 4798 prime?
False
Is 2939 prime?
True
Is 490849 prime?
True
Is 3013 prime?
False
Is 2953 a prime number?
True
Is 909577 prime?
True
Is 90511 a composite number?
False
Is 997 composite?
False
Is 3221 a composite number?
False
Is 995521 a composite number?
True
Is 48341 a prime number?
True
Is 1511 prime?
True
Is 20593 composite?
False
Is 14281 a composite number?
False
Is 1847 prime?
True
Is 415301 a prime number?
False
Is 1151 prime?
True
Is 1465 a prime number?
False
Is 68399 prime?
True
Is 613957 composite?
False
Is 6947 prime?
True
Is 31909 prime?
False
Is 23077 a composite number?
True
Is 16649 composite?
False
Is 64873 composite?
True
Is 46619 prime?
True
Is 67778 a composite number?
True
Is 13069 a prime number?
False
Is 33037 prime?
True
Is 15959 a composite number?
False
Is 3719 prime?
True
Is 113327 prime?
True
Is 112219 prime?
False
Is 18899 prime?
True
Is 8467 a composite number?
False
Is 1081219 a prime number?
True
Is 7769 prime?
False
Is 194647 prime?
True
Is 294155 prime?
False
Is 4621 composite?
False
Is 70747 composite?
True
Is 4561 composite?
False
Is 253501 a composite number?
False
Is 81451 composite?
True
Is 41991 composite?
True
Is 11006 composite?
True
Is 44041 prime?
True
Is 326 composite?
True
Is 43499 composite?
False
Is 41747 prime?
False
Is 4049 prime?
True
Is 59009 a composite number?
False
Is 25963 composite?
True
Is 2991353 composite?
False
Is 7393 prime?
True
Is 6158 a prime number?
False
Is 100043 a prime number?
True
Is 11959 prime?
True
Is 4283 prime?
True
Is 275711 a composite number?
False
Is 13411 a prime number?
True
Is 11179 